21970468339 a prime number?
True
Is 13746907291 a composite number?
True
Is 26497009885 prime?
False
Is 2146162199 a prime number?
True
Is 2758923239 prime?
True
Is 2570780917 a prime number?
True
Is 213114877 a prime number?
True
Is 5301180379 composite?
True
Is 80176395097 prime?
False
Is 14438232751 prime?
False
Is 118447751 composite?
True
Is 215363311 composite?
False
Is 1450375193 a prime number?
False
Is 915187681 composite?
False
Is 37795609883 a prime number?
True
Is 1852656319 a prime number?
False
Is 1231752811 a composite number?
True
Is 340291951 composite?
True
Is 723777151 composite?
True
Is 246736349 prime?
True
Is 727896979 composite?
False
Is 63965956819 a composite number?
False
Is 13470441631 a composite number?
False
Is 7040508719 composite?
False
Is 1172468711 composite?
True
Is 5103748703 a prime number?
False
Is 47376418379 a prime number?
True
Is 2618761699 a composite number?
False
Is 1915809429 prime?
False
Is 1647600037 a composite number?
False
Is 695615053 a prime number?
False
Is 1981827119 composite?
False
Is 158937131 a prime number?
False
Is 102316051 a composite number?
True
Is 10872727153 a prime number?
True
Is 2076227539 a composite number?
False
Is 9092608361 prime?
True
Is 2936493031 composite?
True
Is 7199469289 a composite number?
False
Is 12644052857 a prime number?
True
Is 337057537 prime?
False
Is 6266174839 prime?
True
Is 22054704127 prime?
True
Is 2155846453 a composite number?
False
Is 88436407 composite?
False
Is 1859758337 composite?
True
Is 1451021603 a composite number?
False
Is 598349965 prime?
False
Is 2468983681 a prime number?
True
Is 588892973 composite?
True
Is 1113863027 prime?
True
Is 697146151 prime?
False
Is 5762620049 a prime number?
True
Is 7524761473 prime?
False
Is 44915974667 a prime number?
True
Is 106782341 a composite number?
True
Is 1106596457 a composite number?
True
Is 41386041727 composite?
True
Is 109975406237 composite?
True
Is 246784721 a composite number?
False
Is 498046177 prime?
True
Is 374641403 a composite number?
True
Is 93930650711 a prime number?
True
Is 19478628653 a composite number?
True
Is 3316660289 composite?
False
Is 2127594701 prime?
True
Is 46842962401 prime?
False
Is 15894533 prime?
True
Is 136207811 a prime number?
True
Is 338836403 a prime number?
True
Is 3136034453 a composite number?
False
Is 114815317 a composite number?
False
Is 246716794931 prime?
False
Is 628420937 prime?
False
Is 331477967 composite?
True
Is 91251087623 a composite number?
False
Is 374892076847 prime?
False
Is 1702547911 a prime number?
True
Is 2726750419 prime?
True
Is 2263034071 a composite number?
True
Is 4404661631 prime?
False
Is 20673147763 a prime number?
True
Is 2281801357 a composite number?
True
Is 181706743 composite?
False
Is 69899286493 a prime number?
True
Is 38429929537 a composite number?
False
Is 2962981499 a prime number?
False
Is 5241114563 a composite number?
False
Is 20492758529 composite?
True
Is 53025554749 composite?
True
Is 1720765933 prime?
True
Is 27043524038 a composite number?
True
Is 1035760211 composite?
False
Is 20421824483 composite?
False
Is 92870003 composite?
True
Is 520678019 prime?
False
Is 42984789139 a composite number?
True
Is 1133317253 prime?
False
Is 922503767 a prime number?
False
Is 3393023561 prime?
True
Is 68194637237 composite?
False
Is 102380476673 a prime number?
True
Is 871243171 composite?
True
Is 58912253 prime?
False
Is 4389282263 prime?
True
Is 3927714341 a prime number?
False
Is 684940343 composite?
True
Is 258504857 a composite number?
True
Is 853106011 a composite number?
False
Is 1500865273 composite?
False
Is 2670995441 a prime number?
True
Is 368036639 prime?
False
Is 372683813 a prime number?
True
Is 14862373 a composite number?
False
Is 33524767693 a composite number?
True
Is 24150504883 prime?
True
Is 6847037123 composite?
True
Is 2140863479 a prime number?
True
Is 8179745611 composite?
True
Is 9389840887 a prime number?
False
Is 140419188197 composite?
True
Is 14045821393 a composite number?
True
Is 8331217967 composite?
True
Is 4169141419 prime?
True
Is 553306937 prime?
False
Is 5037607049 composite?
True
Is 1813073329 a composite number?
False
Is 3492911591 a prime number?
False
Is 10291748267 composite?
False
Is 69957038327 a prime number?
False
Is 564112091 prime?
True
Is 426640139 composite?
False
Is 3982515853 a prime number?
False
Is 87829113019 prime?
False
Is 199865795 a composite number?
True
Is 116357428669 prime?
False
Is 593050147 composite?
True
Is 1859508307 a prime number?
True
Is 40426906843 composite?
False
Is 14018327147 a prime number?
False
Is 4221011747 a composite number?
True
Is 8369451359 prime?
False
Is 679408133 prime?
True
Is 948309961 prime?
True
Is 110602669 a composite number?
False
Is 188629211 prime?
True
Is 2096468497 prime?
True
Is 18309626941 a composite number?
True
Is 945384053 prime?
True
Is 279151349 a prime number?
True
Is 32342980469 composite?
False
Is 15903118589 composite?
False
Is 2153508391 composite?
True
Is 1137519259 a prime number?
True
Is 28443344749 prime?
False
Is 3387895211 composite?
True
Is 50682563011 composite?
False
Is 2019169198 a prime number?
False
Is 516072563 composite?
False
Is 40690603 a composite number?
True
Is 8674112537 composite?
False
Is 1702754281 a composite number?
True
Is 901791353 a prime number?
False
Is 11938613929 composite?
True
Is 95877944797 a prime number?
False
Is 5259888643 prime?
True
Is 3794846357 a composite number?
False
Is 18138392627 a prime number?
True
Is 562706933 prime?
True
Is 7938331963 a composite number?
False
Is 108852999 a prime number?
False
Is 5833229609 prime?
True
Is 107179909409 composite?
False
Is 2447483747 composite?
False
Is 13474838779 prime?
False
Is 9520573757 a composite number?
False
Is 364728053 a composite number?
False
Is 2098781581 a composite number?
True
Is 6706090733 a prime number?
True
Is 2297159405 a prime number?
False
Is 11392354573 prime?
True
Is 12215197069 a composite number?
True
Is 1644370919 a composite number?
False
Is 1963701983 a composite number?
True
Is 3903761951 a prime number?
True
Is 18066780473 a composite number?
True
Is 4656058681 a composite number?
False
Is 39185048731 prime?
True
Is 108343429 a prime number?
False
Is 64333289591 a composite number?
True
Is 2611339582 a prime number?
False
Is 1913379389 a composite number?
False
Is 14109317581 composite?
True
Is 80119048381 composite?
False
Is 362881157 prime?
True
Is 36170777326 a prime number?
False
Is 6082683653 a prime number?
True
Is 5641582691 a prime number?
True
Is 3963148433 a composite number?
False
Is 135348097 composite?
False
Is 45343021 a prime number?
True
Is 5512744483 a prime number?
True
Is 130919591329 a composite number?
False
Is 1360786801 composite?
True
Is 412763459 composite?
False
Is 1681228841 a composite number?
False
Is 30208961 a composite number?
True
Is 75268047599 a composite number?
True
Is 1200436577 a composite number?
False
Is 10549192421 composite?
False
Is 14693323609 composite?
True
Is 203823689 prime?
False
Is 3248323063 composite?
False
Is 650158787 a prime number?
False
Is 25569759113 prime?
False
Is 398226009 a prime number?
False
Is 8721105703 composite?
False
Is 14045385587 a prime number?
True
Is 68143727 a prime number?
False
Is 25520106431 a composite number?
True
Is 228305471 a composite number?
True
Is 171580693 a composite number?
True
Is 1351521739 a composite number?
False
Is 11117136313 prime?
False
Is 57974347 composite?
False
Is 23412352603 composite?
True
Is 952041121 a prime number?
True
Is 1326396377 composite?
True
Is 12327230401 composite?
False
Is 2351983993 a composite number?
True
Is 3638344819 prime?
True
Is 5146078537 a prime number?
True
Is 85848661 composite?
False
Is 9713423507 a prime number?
True
Is 3648345691 prime?
True
Is 1902357403 a prime number?
True
Is 122413332491 prime?
True
Is 44681343631 a composite number?
True
Is 11243863523 a composite number?
False
Is 7125207227 prime?
True
Is 6016100603 prime?
True
Is 7981056367 composite?
False
Is 710280937 a composite number?
True
Is 9850905017 a prime number?
False
Is 10485561013 a composite number?
False
Is 1220865623 a composite number?
True
Is 44824715053 prime?
False
Is 52768616123 p